ns digit of 1/2 + (-35798)/(-28)?
7
Suppose -3*o - 15 = 9. What is the units digit of (-2)/2*(o - 5)?
3
Let g = -14 + 14. Suppose 9 = 3*z - g*z. What is the units digit of z?
3
Suppose 21 = -4*j - 7. Let y = -3 - j. Suppose -y*n + 189 = 3*n. What is the tens digit of n?
2
Let q(y) = -22*y - 117. What is the hundreds digit of q(-16)?
2
Suppose -2*s + 3*s = 351. Let g = -232 + s. What is the tens digit of g?
1
Let r = 70 - 70. Suppose r*p = 8*p - 352. What is the units digit of p?
4
Suppose -a - 3*a + 28 = 0. Suppose h - a*h = -186. What is the tens digit of (h + -4)/(3/2)?
1
Suppose 4 = 4*p + 2*u, -3*p - 3*u + 4 = 2*p. Suppose -3*q + p*i + 57 = -2*q, -2*q + 102 = 2*i. What is the units digit of q?
3
Suppose 2 = -3*c - 7. What is the units digit of 3/(c/(-38)) + 1?
9
Let g(c) = -c**3 - 10*c**2 + 37*c + 34. What is the hundreds digit of g(-14)?
3
What is the hundreds digit of 936 - (9 + -8 - -7)?
9
Let w = 269 + -185. What is the tens digit of w?
8
Suppose -3*z + 34 = 2*l - 34, 4*l = -5*z + 112. Suppose j - 80 = -z. What is the units digit of j?
6
What is the tens digit of (156/42)/(2/364)?
7
Let w = 163 + -5. Suppose 2*x + 83 = k, -x = 2*k - 3 - w. What is the units digit of k?
1
Let z be (610/25)/((6/3)/(-10)). Let s = 155 + z. What is the tens digit of s?
3
What is the units digit of 0/(-8 + 13) - -521?
1
Let f = -9 - -5. Let q be ((-10)/8)/(1/f). Suppose q*p - 87 = -7. What is the tens digit of p?
1
What is the hundreds digit of (-8)/14 + (-4148)/(-7)?
5
Let y be (-2)/12*-2*(7 + 5). Let u = y + 5. What is the units digit of u?
9
Let o(j) = -j**3 - 11*j**2 + 5*j - 14. Let i be o(-12). Suppose 2*f - 152 = i. What is the units digit of f?
1
Let d(u) = u**3 - 18*u**2 - 14*u - 42. Suppose -3*g = y - 54, 0 = 2*y + 6. What is the tens digit of d(g)?
5
Let u(f) = 19*f**3 + f**2. Suppose 0 = -3*q + 2*q - 3. Let o = -2 - q. What is the units digit of u(o)?
0
Suppose 0*b - 2*b - 4008 = -3*c, 3*b = c - 1343. What is the thousands digit of c?
1
Let g = -14 - -17. Let n be (8 - 6/g)/(-1). What is the tens digit of (24/10)/(n/(-40))?
1
Let i = -5 - -6. Suppose -3*y = -8 - i. Suppose 4*t + h = 132, y*t = 3*h + 2*h + 122. What is the tens digit of t?
3
Let p = -21 + 55. Let z = p + -28. Let f(y) = 2*y**2 - 10*y + 6. What is the tens digit of f(z)?
1
Let i = 13 + -7. Suppose -2*m + i*m = 568. What is the hundreds digit of m?
1
Suppose -2 + 7 = 5*h. What is the units digit of (-1397)/(-44) + h/4?
2
Let l = -39 + 43. What is the hundreds digit of 6/((-203)/(-50) - l)?
1
Suppose 20*p + 8 = 24*p. Suppose 30 = 2*u + 3*m, -10 - 15 = -u - 4*m. Suppose -5*x + p*i + 3 = -u, 5*i = -x - 3. What is the units digit of x?
2
Let r(y) = 6*y**3 + 3*y**2 + 3*y - 1. Let n be r(2). Let f = n - -51. What is the tens digit of f?
1
Let j be -51 - -3 - (-1 + 1). Let p be 64/j*(-6)/4. What is the tens digit of (7 - 9)/(p/(-12))?
1
Let m = 105 - 101. Suppose -m*l = -60 - 4. What is the units digit of l?
6
Let c(y) = -2*y**2 - 8*y + 8. Let n be c(-5). Let u(v) = -27*v - 3. Let z be u(n). Let a = z - -17. What is the tens digit of a?
6
Let s = -411 + 631. Suppose -3*q + 301 = 2*q + 4*f, 2*f + s = 4*q. What is the tens digit of q?
5
Suppose -44*u - 10910 = -54*u. What is the thousands digit of u?
1
What is the hundreds digit of 1 - ((-2356)/12 - (-1)/3)?
1
Let z(d) = 6*d**2 - d**3 - 6*d**2 - 2*d**2 - 9 - 8*d - 3*d**2. What is the units digit of z(-5)?
1
Suppose 14*i + m = 17*i - 16844, 2*i + 5*m - 11218 = 0. What is the units digit of i?
4
Suppose 0 = -7*m + 3*m + 8. Suppose 14 = m*p - 22. What is the tens digit of 5/(30/9)*p?
2
What is the hundreds digit of ((-1508)/(-91))/((-3954)/(-987) - 4)?
7
Let i(c) = 32 + 46 - 32*c - 130. What is the tens digit of i(-7)?
7
Let l(c) = -c + 1. Let s be l(-1). Suppose -s*z + 35 = 5*z. What is the units digit of z?
5
Let y(t) = t**3 - t + 4. Let d be y(0). Suppose -3*m + 3*q - 4*q = -221, 4*m + d*q - 284 = 0. What is the units digit of (m/(-2))/(-3)*2?
5
Suppose x + 3*g = 6*g - 11, -g = 3. Let p = x - -16. What is the units digit of p/14 + (-2853)/(-63)?
5
Let l be 130/(-18) - 12/(-54). Let n = 12 + l. Suppose -n*x = r - 2*x + 11, 2*r = -5*x - 18. What is the units digit of r?
1
Let d be 12/20 + 17/5. Suppose -d*p = q - 6, q + 2*q + 2*p - 38 = 0. What is the tens digit of q?
1
Suppose 11*l - 2 = 9*l. What is the units digit of ((-20)/(-5) + 103)/l?
7
Suppose 327 = 4*y - 77. What is the units digit of y?
1
Let r = -121 - -409. What is the units digit of r?
8
Suppose 3*j = 5*q - 9, 3*j - 9 = -4*q + 9. Suppose 2*a + j*r = -3*a + 963, a - 175 = 4*r. What is the units digit of a?
1
Let l(o) = 4*o**2 + 4*o + 1. Let j be l(3). Suppose -41*m + 16 = -33*m. Suppose -2*p = -2*u + 14, -u - j = -6*u - m*p. What is the units digit of u?
9
Suppose -3*v - 3*n + 393 = -5*n, 3*n + 390 = 3*v. What is the units digit of v + (-3 - 6*-1)?
6
Suppose 4*i - b + 349 = 0, -i - b - 118 = -37. Let x = i + 121. What is the tens digit of x?
3
Let i(d) = 247*d - 63. What is the units digit of i(3)?
8
Let u(k) = -2*k + 1. Let d be u(7). Let f = -13 - d. Suppose -7*o + 2*o + 130 = f. What is the units digit of o?
6
Let b = 83 + 482. What is the hundreds digit of b?
5
Let c(k) be the third derivative of k**5 - k**3/6 - 15*k**2. What is the units digit of c(1)?
9
What is the hundreds digit of (-2)/(-6) + ((-5984)/(-12) - -9)?
5
Let r be (2740/(-40))/(1/(-10)). Suppose r - 97 = 4*b. What is the tens digit of b?
4
Suppose -659 = -82*x + 81*x. What is the tens digit of x?
5
What is the tens digit of (-415)/(-2) + ((-105)/10)/(-21)?
0
Suppose -u = u - 2. What is the units digit of u/((7/(-2))/(-7))?
2
Suppose 49*n = -14713 + 56020. What is the tens digit of n?
4
Let m(d) = -d**2 + 10*d - 7. Let t be m(9). Let o(y) = -y - 5*y**2 + 2*y**2 + y**2 + 3*y**t - 7. What is the units digit of o(-5)?
3
Let z be -1 + 0 + (2 - 1). Let u(p) = p**2 - p + 24. What is the units digit of u(z)?
4
Suppose -r + 2*i + 60 = 4*r, -5 = 2*r + 5*i. Suppose 4*n - r*n + 492 = 0. What is the tens digit of n?
8
Suppose 2*r - 2*x = -2, -3*x - 1 = r - 12. Let a(h) = -3*h + 5. Let g be a(r). What is the units digit of -1 + 1 - (-4 - g)?
3
Let k(u) = -u**2 - 8*u + 4. Let q be k(-8). Suppose q*r - 40 = -4*z, -z + 25 = 3*r + 3*z. What is the tens digit of r?
1
Suppose 28836 = 61*m - 25*m. What is the tens digit of m?
0
Suppose -4*g = 20, 4*z = g - 15 + 4. Let i be (1*-2)/(z + 3). What is the units digit of 1 + 18 + i/2?
0
Let q(w) = 72*w - 12 - 144*w + 74*w. Let o(n) = 2*n + 1. Let f be o(5). What is the units digit of q(f)?
0
Suppose 5*i = 3*a + 26, -2*i - 6 = a - i. Let h = 247 - a. What is the units digit of h?
4
Suppose 58880 = 312*p - 292*p. What is the units digit of p?
4
Let x = 206 + 357. What is the units digit of x?
3
What is the hundreds digit of (-30)/(-120) + ((-5267)/(-4) - 2)?
3
Let j(k) = 147*k + 75. What is the tens digit of j(13)?
8
Let p(h) = -h**2 + 3*h + 84. What is the tens digit of p(-7)?
1
What is the units digit of -2 + (3 - 11) - -163?
3
Suppose 2*r = -2*y + 62, -2*r - 4*y = -7*r + 119. What is the units digit of (18/(-4))/(r/(-6) - -4)?
9
Let q = 16 - 18. Let s(d) = -25*d - 3. What is the units digit of s(q)?
7
Let r = -1388 - -2376. What is the tens digit of r?
8
Suppose 3156 = -q + 6*q + 4*j, 2*j + 634 = q. What is the tens digit of q?
3
Suppose -1968 = -2*n + 4*u, -5*n - 3*u + 748 = -4237. What is the tens digit of n?
9
Let j = 2339 - 1375. What is the units digit of j?
4
Let f(k) = 6*k - 1. Let o be f(3). Let m = 18 - o. Suppose -3*y + 5*c + 104 = 0, 3*c - 4*c = m. What is the units digit of y?
3
Let d be (-3)/(108/40 + -3). Suppose -d + 1 = -3*j. Suppose 6*a = j*a + 138. What is the tens digit of a?
4
Let s = 443 - 1003. Let c = s + 854. What is the tens digit of c?
9
Let k(j) be the second derivative of j**4/12 + 8*j**3/3 - 11*j**2/2 - 16*j. What is the tens digit of k(-19)?
4
Suppose -5*v + 10 = 2*g, 4*g - g = -4*v + 8. Suppose 0 = v*l - l - 24. What is the tens digit of l?
2
Let k(n) = 6751*n + 301. Let w(f) = -45*f - 2. Let a(x) = 6*k(x) + 903*w(x). What is the units digit of a(-1)?
9
Let v(q) = q**3 - 6*q**2 - 3*q + 236. What is the hundreds digit of v(0)?
2
Suppose 0 = 4*a - 3*p - 5037, 3*a - 3814 = -6*p + p. What is the hundreds digit of a?
2
Let r be (-4 - -3)*1 - -5. Suppose 0 = u